s v(o) a prime number?
False
Suppose 17*z = 19*z - 4*a - 165410, 0 = -4*a - 12. Is z a prime number?
True
Suppose 3380 = g + 5*m, -20105 = -5*g - 5*m - 3265. Suppose 2*z - 5*q - 39277 = -g, -q + 89726 = 5*z. Is (z/(-45))/(4/(-10)) prime?
True
Suppose 0 = -2*i + 7 + 3. Suppose -4*d = -i*k + 2, -d - 5 = -0*k + k. Is 1/k*4 + 295 a composite number?
False
Let s(a) = 72*a - 46. Let x(j) = -25*j + 16. Let m(b) = 4*s(b) + 11*x(b). Let h(u) = -u**3 - 6*u**2 - 6*u. Let p be h(-5). Is m(p) prime?
False
Suppose -2536 = -4*s + 5*m, 2*s = -s - 4*m + 1871. Is s composite?
True
Let s(p) = -52*p - 11. Let i(f) = -58*f - 11. Let w(g) = 57*g + 11. Let n(b) = 5*i(b) + 6*w(b). Let j(h) = -4*n(h) - 3*s(h). Is j(-12) a composite number?
False
Suppose 0 = 32*y - 178981 - 101947. Is y a composite number?
False
Let z be 12/(-9)*6/(-4). Suppose z*o - 2 = 32. Suppose 0 = 2*x - 161 - o. Is x prime?
True
Let r(n) = 4*n**2 - 3*n + 6. Let o(t) = 5*t**2 - 3*t + 5. Let z(m) = -3*o(m) + 4*r(m). Is z(11) composite?
False
Is (22187/(-2))/((-5)/10) prime?
False
Suppose 4*z - 456 = z. Let v = 181 + z. Suppose -3*o + b + 189 = -136, -3*b = 3*o - v. Is o composite?
False
Let r(w) = -w**3 + 11*w**2 - 11*w + 15. Let h be r(10). Suppose 5*d + 1123 = 3*j, 4*j - h*d - 342 - 1152 = 0. Is j prime?
False
Let f(q) = 5*q - 29. Let x be f(3). Suppose -2*s + 4*s = 2*a - 100, a + s - 60 = 0. Let g = a - x. Is g a composite number?
True
Let t = -9 - -8. Let g be 1 + 3 - (0 - t). Suppose g*y + 75 = -4*d + 361, 4*y = -d + 377. Is y a composite number?
True
Suppose 6 = -t + 3*j, 3*j - 9 - 12 = -4*t. Suppose -551 = t*w - 146. Let u = -76 - w. Is u composite?
False
Is (-1063)/(-4) + 0 - (-123)/(-164) a composite number?
True
Let s = -33 + 35. Suppose -s*q = -5*m - 1172, -m + 15 = -q + 598. Let k = -414 + q. Is k composite?
False
Let h be (-1 - (-2 - -2)) + 214. Suppose 0 = -5*u + 6 + 34. Is h/4 - 2/u prime?
True
Let z = -392 - -158. Let v = -114 - z. Let x = v + -85. Is x a composite number?
True
Let l(d) = d**2 + 3*d - 7. Let a be l(-5). Let v(n) = -12*n - 7. Let u be v(a). Is 2 + (3 - u) + 3 a prime number?
False
Let q(j) = -j**2 + 3*j + 8. Let n be q(4). Suppose o + 5*a - 1619 = 0, 4 = -2*a - n. Is o a composite number?
True
Let n(g) be the first derivative of -g**4/4 + 2*g**3/3 - 7*g**2/2 - 11*g + 15. Is n(-10) composite?
False
Suppose 4*s + 2*i = -16, 2*i - 2 = -2*s - 12. Let k be 79 - (2 - -1)/s. Let b = 363 + k. Is b composite?
False
Is 5 + 4 + -6 - -475 composite?
True
Suppose -3*g - 5*m = 12, -3*g + 3*m - 1 = 11. Is (-6847)/g - (-3)/(-4) composite?
True
Suppose 13*k + 4*k = 52411. Is k prime?
True
Let a(t) = 8*t**2 + 2*t - 14. Let q = 28 - 40. Let f be a(q). Is (f/(-3))/(18/(-27)) prime?
True
Let x(b) = 2*b**3 + b**2 - b + 1. Let o be 6/(-45) + (-34)/(-30). Let i be x(o). Suppose -7*w + i*w = -508. Is w a composite number?
False
Let r be ((-86)/(-4)*34)/1. Suppose 2*p - p - r = 0. Is p a prime number?
False
Suppose 23*l - 44510 + 2673 = 0. Is l composite?
True
Let l be 2/(-6) + 266/6. Suppose 96 = 5*g - l. Let u = g + 9. Is u a prime number?
True
Let l = -67962 - -102967. Is l composite?
True
Let w(r) = -r**2 - 10*r - 6. Let c be w(-6). Is (-1201*6/c)/((-2)/30) a prime number?
False
Let r(o) be the third derivative of 0*o**5 + 1/6*o**3 + 119/120*o**6 + 0 + 0*o - 3*o**2 - 1/12*o**4. Is r(1) prime?
False
Suppose -5*h + 6*h - 443 = 0. Is 4/(16/1)*4*h prime?
True
Let l = -6831 + 14732. Is l a prime number?
True
Suppose -1 = 5*w - 21. Suppose l + l = -w*t + 782, -4*t = l - 383. Suppose -s + l = -260. Is s a prime number?
True
Let t be 4/18 - 26170/(-9). Let o = -4726 + t. Let k = -1033 - o. Is k a composite number?
True
Let q(k) = -898*k - 4. Let b be q(-1). Suppose 8*w = b + 970. Is w a composite number?
False
Let m(y) = y**2 + 9*y + 14. Let x be m(-10). Suppose k = -g + 8, -k - x = -4*k - 2*g. Suppose -3*v = -k*v + 185. Is v a prime number?
True
Suppose 4*q - 2*n = 30, -3*q + 8 = 2*n - 11. Let d = q + -7. Is 2 + d/((-2)/1) a composite number?
False
Suppose 0*n = n - 9. Suppose 14*p - 1465 = n*p. Is p a composite number?
False
Suppose -17 - 3 = -2*v - 4*f, -2*f = 2*v - 18. Suppose 0*p + 5080 = v*p. Is p a composite number?
True
Let m(q) = -q**2 - 3*q + 2. Let a be m(-3). Suppose 3*f - 4*f - 4*z - 45 = 0, 4*f = -a*z - 138. Is (-9036)/f + 6/33 composite?
True
Suppose 3*w = 3*z - 4086, 4*z + w - 5455 = -2*w. Is z prime?
False
Suppose 120601 = -3*g + 16*g. Is g prime?
True
Suppose 3*o - 17 = -6*h + 4*h, 4*o - 4*h - 16 = 0. Suppose d = o*v + 1044, 2*d + 0*v + 4*v = 2102. Is d a prime number?
True
Suppose 2*g = -6, 0 = 2*u - 0*u - 5*g - 1601. Let a = -170 + u. Is a composite?
True
Let v(m) = -2*m**2 - 10*m + 5. Let b be v(-5). Suppose -b*j + 11975 = -0*j. Is j a composite number?
True
Suppose -2*a = -3*a + 2. Suppose -4 = -a*h + 4. Suppose 141 = h*o - 503. Is o a prime number?
False
Let f(b) = -35*b - 14. Let z(v) = -10*v - v**2 - 12 - 4 + 2*v**2 + 0. Let x be z(11). Is f(x) composite?
True
Suppose s - 28 = -23. Suppose 2*t - s*i = 1076, 3*t + i = 4*t - 541. Is t a prime number?
False
Let v(x) = x**3 - 7*x**2 + 6*x + 4. Let i be v(6). Let g be i/(-3)*3/(-2). Suppose -g*l = l - 45. Is l prime?
False
Suppose -347 - 783 = -h + 4*r, -5*r = 5*h - 5700. Is h prime?
False
Let g = 1243 + -536. Is g prime?
False
Let u(v) = 23*v**2 - 65*v + 131. Is u(25) composite?
True
Let k be (8 + -3 - 3) + -10. Let z = k - -2. Let m(d) = -114*d - 11. Is m(z) a composite number?
False
Suppose 2*h + h = a - 17, -2*a + 3*h + 31 = 0. Let f be 2/(-7) - (-2790)/a. Let p = f + 120. Is p a prime number?
False
Let x be (-194)/6 + (-40)/(-30). Let g = x + -1. Is (264 - -1) + g/(-8) composite?
False
Let a(c) be the third derivative of c**5/60 - c**4/6 - c**3/3 + 3*c**2. Let u be a(5). Suppose u + 71 = t. Is t prime?
False
Let u(f) = -f**3 + f**2 - f - 1. Let a(m) = -9*m**3 + 12*m**2 - 6*m - 8. Let y(z) = -a(z) + 4*u(z). Is y(5) prime?
True
Suppose -4*u - 74 - 2 = 0. Let y = 21 + u. Suppose -5*g + h = -2*h - 2011, 2*g + y*h - 798 = 0. Is g composite?
False
Let q be (-12)/(-14)*21/6. Suppose q*g = -s + 2, -g - 26 = -3*s - 2*s. Suppose s*w - 115 = 440. Is w prime?
False
Suppose 5*j + 3*b = 6530, 5*j - 5435 - 1095 = 3*b. Is j prime?
False
Let n(f) = 3*f**3 - 3*f**2 + 7*f - 4. Let c be n(6). Is c + 1 + (-4)/(-1) composite?
True
Let n(r) = -r**3 + 50*r**2 + 137*r - 31. Is n(52) prime?
False
Let f be -1 + 0 + (-3)/(-3). Suppose m + c = -f*m + 72, -c - 150 = -2*m. Is m a prime number?
False
Let o(y) = -5*y + 2*y + 45*y**2 + 2 - 5*y + 2*y. Is o(3) a prime number?
True
Let o = 5301 + -2919. Suppose -6*c = -c - 2*h - o, 0 = 4*c - 5*h - 1892. Is c a composite number?
True
Let g be -3118 + (-4 - -4) - -4. Let n = g - -4585. Is n a composite number?
False
Let c(l) be the first derivative of -5*l + 11/2*l**2 + 3 - 1/3*l**3. Is c(4) a prime number?
True
Let h(r) = 1142*r**2 - 9*r - 9. Is h(4) prime?
False
Let j be ((-2)/3)/((-4)/402). Suppose 0*r + r = 22. Suppose -j = -q + r. Is q a prime number?
True
Is 12750/16 - (-34)/272 a composite number?
False
Let o(c) = 453*c - 49. Is o(4) composite?
True
Let v be -2*(-4 - 15/2). Suppose v*j = 22*j + 751. Is j a composite number?
False
Let m(l) = -5 + l**2 + 25*l - 20*l - 15*l. Is m(-4) prime?
False
Let u = 164 + -158. Let x(c) = 22*c**2 + c - 1. Let h be x(-6). Suppose u*n - h = n. Is n a prime number?
True
Let t = -68 + 7. Let r = -36 - t. Is -5*(-10)/r + 252 a composite number?
True
Suppose 0 = -2*a + 2, -a - 3*a - 16 = -4*x. Suppose -x*f + 132 = i, 3*i = -4*f - 0*i + 110. Is 273/f*(-8)/(-6) a prime number?
False
Let o(b) = 9527*b**2 + 10*b - 15. Is o(2) a prime number?
True
Let o(d) = -16*d + 1. Is o(-7) composite?
False
Let h = 1215 + 824. Is h a prime number?
True
Let s be 6/(-39) + 180342/39. Let f be 4/(-18) + s/72. Suppose f = 3*l + 19. Is l composite?
True
Is (1/(-5) - (-154848)/15) + -4 a composite number?
True
Let l = -1336 - -7235. Is l composite?
True
Suppose 3*o = k + o + 6, -3*o + 9 = -3*k. Let u be 1*((-34)/(-85) + (-2)/5). Suppose -4*l - 5*b + 182 = u, -2*l + 4*b + 101 - 23 = k. Is l composite?
False
Suppose 4*s + 4 = 0, 2*o - 2*s + 752 = -0*o. Is -4 - o*5/5 composite?
False
Suppose -44*z - 1125 = -49*z. Suppose m - 5*y = 207, m + 5*y - z = y. Is m a prime number?
False
Let k = 37 - 22.